 - 5*x(u). Let p(h) = 5*h - 8. What is the remainder when p(6) is divided by q(2)?
4
Suppose -29*y - 27 = -38*y. Suppose -y*c - 745 = -5*j, -2*j = 5*c - 21 - 277. Calculate the remainder when j is divided by 5.
4
Suppose -3*d + z = -12893, -58*z - 12891 = -3*d - 55*z. Calculate the remainder when d is divided by 18.
14
Suppose -4*w = 4*c - 5*c + 170, 0 = c + 2*w - 134. What is the remainder when c is divided by 120?
26
Suppose 2*r + 2*u + 0*u - 14 = 0, -2*u - 10 = -r. Suppose 6*q - 7*q + 4*m = -20, -r = -2*m. Calculate the remainder when 142 is divided by q.
34
Let v(a) = 32*a**2 - 32*a - 150. Calculate the remainder when v(-4) is divided by 131.
97
Suppose -3*q + 4*q = 205. Let m = 332 - q. What is the remainder when m is divided by 45?
37
Suppose 70*o - 2633 = -183. Calculate the remainder when 259 is divided by o.
14
Let n = -1 - 1. Let w(a) = 9*a**2 - 2*a - 1. Calculate the remainder when w(n) is divided by 22 - ((-3)/1 + (75 - 64)).
11
Let h = 17 + -5. Suppose -h*p + 177 = -195. What is the remainder when (-4)/(((-16)/122)/4) is divided by p?
29
Let n(r) = r**2 + 89*r + 1329. Calculate the remainder when n(-91) is divided by 14.
13
Let v = 5 - -3. Suppose 0 = v*u - 2*u - u. Suppose u = 4*t - 12, 3*y - 4*t + 7*t - 48 = 0. Calculate the remainder when 63 is divided by y.
11
Suppose 0 = -4*i + 24, -5*o + 334*i = 337*i - 1058. Calculate the remainder when o is divided by 30.
28
Let d = 7713 + -6795. What is the remainder when d is divided by 103?
94
Let f = -2605 + 3189. Calculate the remainder when f is divided by 18.
8
Suppose -18*i + 54 = -0*i. Suppose -i*x = -0*u - u - 52, -u = -x + 16. What is the remainder when 31 is divided by x?
13
Suppose 4*c - 3*t - 378 = 0, -5*t + 484 = 5*c - 3*t. Calculate the remainder when 857 is divided by c.
89
Let d(r) = 27*r - 248. Let a be d(8). Suppose -3*q = 3, 2*m - q = 19 + 156. Let u = m - a. What is the remainder when u is divided by 24?
23
Suppose 0 = -16*g + 1267 + 1133. What is the remainder when g is divided by 2?
0
Let s(f) = -f**3 + 4*f**2 + 7*f - 8. Let x be s(5). Suppose -z - 6*o = -2*o - 28, -x*z + 3*o + 23 = 0. Calculate the remainder when 62 is divided by z.
14
Let v = 841 + -794. Let g be 3/(-6)*2 + -1. What is the remainder when v is divided by -2 - (-18 - (2 + g))?
15
Let s(w) = w**3 - 5*w**2 + 17*w - 102. Let q be (-3)/(6/(-12 + 0)). Calculate the remainder when s(q) is divided by 20.
16
Suppose -15*n = -3*n - 132. Suppose -b = -5*d + 4*d - 343, d = -4*b + 1347. What is the remainder when b is divided by n?
8
Let c be ((-1)/1)/(2/(-290)). Let g = 284 - c. What is the remainder when g is divided by 30?
19
Let y(m) = -m**3 - 10*m**2 - 13*m - 11. Let l = -14 - -4. Let g be y(l). Suppose 0 = -5*i + g + 66. What is the remainder when i is divided by 5?
2
Let b(a) = 27*a. Suppose -3*q = -2*m - 31, -4*m - 199 = -3*q - 158. What is the remainder when b(1) is divided by q?
6
Let s = 13 - -7. Let m(k) = 49*k. Suppose 3*t + t + 4*z - 4 = 0, 3*t + 5*z = 3. What is the remainder when m(t) is divided by s?
9
Suppose 0 = 3*r - 2 + 11, -5*l + 79 = 2*r. Let o = 156 + -292. Let t = 146 + o. Calculate the remainder when l is divided by t.
7
Let j(m) = -5*m**3 + m**2 + 3*m - 1. Let h(b) = b**2 - b - 1. Let q(r) = 3*h(r) + j(r). Let t = 18971 - 18974. What is the remainder when q(t) is divided by 21?
20
Let a be 12 - -3 - -5 - 5. Let n be (-4 + (-264)/10)*a/(-6). Let v = n - 31. Calculate the remainder when v is divided by 10.
5
Suppose l - 155 - 16 = 3*d, 2*d = -3*l + 535. Suppose 1 = -s - 235*k + 240*k, -4*k = -8. Calculate the remainder when l/7 - (-6)/(-21) is divided by s.
7
Let b(r) = -3*r - 5. Let v(f) = -f**3 + 20*f**2 - 155*f + 919. Calculate the remainder when v(13) is divided by b(-7).
7
Let b(r) = 30 + 40*r - 8*r**2 - 6*r + 6*r**2 - 48 - 14. Suppose 0 = -5*y + 105 - 40. Calculate the remainder when b(y) is divided by 11.
6
Let n(w) = -w**2 - 30*w - 97. Calculate the remainder when 1301 is divided by n(-4).
6
Let b = 33794 - 30980. Calculate the remainder when b is divided by 562.
4
Suppose 0*a = -4*a + 166 - 122. Calculate the remainder when 754 is divided by a.
6
Suppose 8*p = 18*p. Calculate the remainder when 692*((-2)/(-8) + p) is divided by 22.
19
Let f(c) = 5*c**2 + 48*c + 309. Let t(v) = -9*v**2 - 94*v - 617. Let w(d) = -5*f(d) - 3*t(d). What is the remainder when w(-8) is divided by 5?
3
Let w = -6 - -7. Let o be w/4 + ((-3555)/12)/(-3). Calculate the remainder when o + -2*(-2)/4 is divided by 17.
15
Let c(n) = 7*n + 3*n + 1 + 4*n. Suppose 4748*m - 4244*m = 57456. Calculate the remainder when m is divided by c(2).
27
Let l be 20/2*(-9)/(-18). Suppose l*h = -j + 215, -2*j - j = h - 57. What is the remainder when h is divided by 14?
0
Let y(a) = -16*a + 1. Let g = -374 + 375. Calculate the remainder when ((-12)/(-4))/(((-2)/(-22))/g) is divided by y(-1).
16
Let l(a) = -378*a + 232. What is the remainder when l(-15) is divided by 18?
16
Suppose -k = 2*k - 5*v - 12, -8 = -2*k - 3*v. Suppose -9*o = -o - 1160. Suppose 0 = k*n - 9*n + o. What is the remainder when 85 is divided by n?
27
Let d = -221 + 557. Calculate the remainder when d is divided by 7 + -5 - (-15 + 0).
13
Suppose 1097*g + 4*c = 1100*g - 156, 2*c = 5*g - 260. Let b(f) = f**3 - 3*f**2 + 2*f - 6. What is the remainder when g is divided by b(4)?
16
Suppose d - 2*d + 64 = 0. Suppose 84*n - 89*n - 3*a = -589, 2*n - 236 = -a. Let j = n + -113. Calculate the remainder when d is divided by j.
4
Suppose -14*b + 2690 + 8062 = 14*b. What is the remainder when b is divided by 96?
0
Let b(f) = -66*f**3 - 3*f**2 + 10*f - 1. Let a(y) = 199*y**3 + 8*y**2 - 28*y + 4. Let u(n) = 3*a(n) + 8*b(n). What is the remainder when 123 is divided by u(1)?
54
Suppose -c + 19 = -0*c. Suppose 45*t - 620 = 10. What is the remainder when 21/t*(-70)/(-3) is divided by c?
16
Let k = -488 + 258. Let f = -173 - k. Calculate the remainder when f is divided by 4.
1
Let r(h) = 5*h - 46. Let f be r(9). Calculate the remainder when 35 is divided by f - -4 - (-17 + 5).
5
Suppose 196 = 4*r - 4*o, -34*r - o + 176 = -30*r. What is the remainder when 2743 is divided by r?
43
Let a = -761 - -872. Suppose -3*o + a = 54. Calculate the remainder when o is divided by 4.
3
Suppose -661 + 545 = -2*a. Suppose 6*b = 4*b - 4, -3*b = 4*h - a. Calculate the remainder when 30 is divided by h.
14
Let m(v) = -2*v**2 - 356*v + 17. Let i = 0 + 5. Calculate the remainder when m(0) is divided by i.
2
Let w(y) = -466*y + 15935. Calculate the remainder when w(8) is divided by 11.
8
Suppose 0 = -4661*r + 4653*r + 2080. What is the remainder when r is divided by 9?
8
Let v(j) = -j**2 - 17*j + 2. Let s be -1 - 3 - -2 - (1 + 4). What is the remainder when 645 is divided by v(s)?
69
Let l(q) = 35*q - 7. Let m(a) = -a**3 - 8*a**2 + 4. Let v be m(-8). What is the remainder when l(v) is divided by 35?
28
Suppose 0 = -3*t + 8*t - 50. Calculate the remainder when t/(-2) + 430/10 is divided by (-96)/(-7) + 4/14.
10
Calculate the remainder when (16/(-2) - -13)/(((-8)/235)/(-8)) is divided by 41.
27
Suppose 64 = -2214*v + 2218*v. Calculate the remainder when 273 is divided by v.
1
Suppose -198 = -8*i + 5*i + 2*z, -2*i + 2*z = -124. Let r = -116 + 165. Calculate the remainder when i is divided by r.
25
Let j(y) = -10*y + 41. Suppose -5*c - 4*g = 56 + 17, -4*c - 56 = 4*g. Let k be j(c). Let q = -28 + k. What is the remainder when q is divided by 47?
42
Suppose -3*d + 244 = 2*t, -4*t - 5*d + 275 = -217. Calculate the remainder when 2431 is divided by t.
127
Suppose 2*a = -3*a + 5*u + 710, -284 = -2*a + 5*u. Suppose -4*x + 246 = -a. Suppose 2*p - 125 = -3*p. Calculate the remainder when x is divided by p.
22
Suppose i = -671*x + 670*x + 86, -364 = -4*i + x. Calculate the remainder when 118 is divided by i.
28
Suppose -5 = -v, 2*w - 9*v + 11*v = 10. Suppose -4*c + w*i = -4*i - 216, -103 = -2*c + i. What is the remainder when 143 is divided by c?
45
Let f(d) = d**2 - 6*d - 18. Let v be f(8). Let p be (4 + v)/((-9)/(-135)). Let x = 86 + p. Calculate the remainder when x is divided by 20.
16
Suppose 0 = w - 0 + 1, 2*w + 46 = 4*q. Let s = -628 + 858. What is the remainder when s is divided by q?
10
Suppose -d + 25 = -13*l + 9*l, -2*d = l - 5. Suppose -4*n + 2*n = -3*i, 4*i = -4*n. Suppose 3*m - d*m + 50 = i. Wh